on divisor of 9 and 9?
9
Calculate the highest common divisor of 22 and 8.
2
What is the greatest common factor of 14 and 847?
7
Calculate the highest common factor of 49 and 49.
49
What is the highest common divisor of 7578 and 18?
18
Calculate the highest common factor of 57 and 29944.
19
Calculate the greatest common factor of 1070 and 10.
10
Calculate the greatest common divisor of 111 and 37.
37
What is the highest common divisor of 31209 and 206?
103
What is the highest common factor of 71 and 2201?
71
What is the greatest common divisor of 90 and 140?
10
Calculate the greatest common divisor of 5655 and 580.
145
Calculate the highest common factor of 8704 and 64.
64
What is the highest common divisor of 98 and 147?
49
Calculate the greatest common divisor of 38 and 950.
38
Calculate the greatest common divisor of 356 and 54824.
356
Calculate the highest common divisor of 246 and 258.
6
What is the highest common divisor of 112 and 32?
16
Calculate the highest common factor of 33 and 341.
11
Calculate the highest common divisor of 979 and 11.
11
Calculate the highest common factor of 240 and 624.
48
Calculate the highest common factor of 110 and 2310.
110
Calculate the greatest common divisor of 808 and 16.
8
What is the highest common divisor of 24 and 264?
24
Calculate the highest common factor of 3040 and 240.
80
What is the greatest common divisor of 2 and 4692?
2
Calculate the highest common factor of 187 and 680.
17
Calculate the greatest common factor of 91 and 3016.
13
Calculate the greatest common divisor of 11515 and 98.
49
What is the highest common factor of 1512 and 6?
6
What is the greatest common divisor of 16 and 2032?
16
What is the greatest common factor of 280 and 172?
4
What is the greatest common factor of 31 and 4154?
31
What is the highest common divisor of 128 and 1072?
16
Calculate the greatest common factor of 45 and 153.
9
Calculate the greatest common divisor of 18 and 513.
9
Calculate the greatest common factor of 54 and 2250.
18
Calculate the greatest common factor of 39 and 9.
3
What is the greatest common divisor of 519 and 18?
3
Calculate the greatest common divisor of 54 and 10.
2
Calculate the greatest common factor of 664 and 16.
8
Calculate the greatest common divisor of 816 and 459.
51
What is the highest common divisor of 533 and 123?
41
Calculate the greatest common factor of 15 and 285.
15
What is the greatest common factor of 325 and 195?
65
What is the highest common divisor of 4589 and 91?
13
Calculate the greatest common factor of 170 and 153.
17
Calculate the greatest common factor of 33400 and 25.
25
Calculate the highest common factor of 9936 and 576.
144
What is the highest common factor of 4 and 5?
1
Calculate the greatest common divisor of 6 and 66.
6
What is the highest common factor of 20 and 430?
10
Calculate the greatest common divisor of 9259 and 94.
47
What is the greatest common factor of 73223 and 37?
37
Calculate the highest common divisor of 35 and 10.
5
Calculate the greatest common divisor of 174 and 29.
29
Calculate the greatest common factor of 36 and 1428.
12
What is the greatest common divisor of 17440 and 80?
80
What is the greatest common factor of 91 and 832?
13
Calculate the highest common divisor of 1524 and 4.
4
Calculate the greatest common factor of 26 and 39728.
26
What is the highest common divisor of 232 and 87?
29
What is the greatest common factor of 71 and 1846?
71
Calculate the greatest common factor of 56 and 24.
8
What is the highest common factor of 476 and 85?
17
What is the greatest common divisor of 1639 and 298?
149
What is the greatest common factor of 660 and 60?
60
Calculate the highest common factor of 4400 and 112.
16
What is the greatest common factor of 34 and 7429?
17
What is the greatest common divisor of 21 and 6?
3
What is the highest common factor of 74 and 3034?
74
Calculate the highest common divisor of 2567 and 17.
17
What is the greatest common factor of 1 and 32?
1
Calculate the greatest common divisor of 161 and 253.
23
What is the highest common factor of 168 and 21042?
42
What is the greatest common factor of 24 and 246?
6
Calculate the highest common factor of 42 and 192.
6
What is the highest common divisor of 288 and 18?
18
What is the highest common divisor of 50 and 230?
10
Calculate the highest common divisor of 696 and 12.
12
What is the highest common divisor of 88 and 1012?
44
Calculate the highest common divisor of 1793 and 33.
11
What is the greatest common factor of 392 and 28?
28
Calculate the highest common divisor of 83 and 31789.
83
Calculate the greatest common factor of 828 and 162.
18
Calculate the highest common factor of 1661 and 11.
11
What is the greatest common divisor of 666 and 12?
6
Calculate the greatest common divisor of 91 and 637.
91
Calculate the highest common factor of 9 and 20133.
9
Calculate the highest common factor of 2175 and 1131.
87
What is the highest common divisor of 48 and 33?
3
Calculate the greatest common factor of 9213 and 747.
249
What is the greatest common factor of 65 and 3185?
65
Calculate the highest common factor of 189 and 42.
21
Calculate the highest common factor of 232 and 50.
2
What is the greatest common divisor of 445 and 267?
89
Calculate the greatest common factor of 90 and 846.
18
What is the highest common divisor of 184 and 69?
23
What is the greatest common divisor of 96 and 564?
12
Calculate the greatest common divisor of 385 and 231.
77
What is the greatest common divisor of 20772 and 36?
36
What is the greatest common divisor of 2850 and 342?
114
What is the highest common divisor of 664 and 16?
8
Calculate the highest common divisor of 128 and 24.
8
Calculate the highest common factor of 80 and 56.
8
Calculate the highest common divisor of 64 and 32.
32
Calculate the highest common factor of 12144 and 24.
24
Calculate the highest common divisor of 136 and 72.
8
What is the highest common divisor of 7964 and 44?
44
What is the greatest common factor of 7889 and 161?
161
What is the greatest common factor of 2604 and 1581?
93
Calculate the greatest common factor of 91 and 10777.
13
What is the greatest common factor of 873 and 97?
97
Calculate the highest common divisor of 588 and 756.
84
What is the highest common divisor of 80 and 310?
10
What is the greatest common factor of 24 and 64?
8
Calculate the greatest common factor of 78 and 104.
26
What is the greatest common divisor of 7 and 427?
7
Calculate the highest common factor of 64 and 8.
8
Calculate the greatest common divisor of 8410 and 174.
58
What is the greatest common factor of 422 and 8651?
211
Calculate the greatest common divisor of 913 and 22.
11
What is the highest common factor of 804 and 96?
12
Calculate the highest common factor of 190 and 3895.
95
Calculate the highest common divisor of 24 and 104.
8
What is the highest common divisor of 294 and 168?
42
What is the highest common divisor of 240 and 1040?
80
What is the highest common factor of 10 and 35?
5
What is the highest common divisor of 136 and 170?
34
What is the highest common divisor of 12 and 1164?
12
What is the greatest common divisor of 16 and 84?
4
What is the greatest common factor of 922 and 12?
2
What is the highest common factor of 152 and 1634?
38
Calculate the highest common divisor of 2655 and 2925.
45
Calculate the highest common factor of 52 and 12636.
52
Calculate the greatest common factor of 88 and 1672.
88
What is the greatest common divisor of 64 and 64?
64
What is the highest common factor of 77 and 7?
7
Calculate the highest common divisor of 629 and 255.
17
Calculate the greatest common divisor of 24 and 96.
24
What is the highest common divisor of 56 and 5768?
56
Calculate the greatest common factor of 7729 and 131.
131
Calculate the greatest common divisor of 1254 and 1368.
114
Calculate the highest common divisor of 14 and 14.
14
What is the greatest common factor of 1477 and 1055?
211
What is the highest common factor of 284 and 4?
4
Calculate the greatest common factor of 4 and 22.
2
Calculate the highest common divisor of 44 and 16.
4
Calculate the highest common factor of 5268 and 36.
12
What is the greatest common factor of 112 and 3052?
28
Calculate the highest common factor of 5 and 1.
1
Calcul